{"id":119,"date":"2024-10-14T08:19:30","date_gmt":"2024-10-14T08:19:30","guid":{"rendered":"https:\/\/nudebeachvoyeur.com\/?page_id=119"},"modified":"2024-10-14T08:19:31","modified_gmt":"2024-10-14T08:19:31","slug":"dmca","status":"publish","type":"page","link":"https:\/\/nudebeachvoyeur.com\/index.php\/dmca\/","title":{"rendered":"DMCA"},"content":{"rendered":"\n<h2 class=\"wp-block-heading has-black-color has-pale-cyan-blue-background-color has-text-color has-background has-link-color wp-elements-1f024ba22f15cf85878f58d470f4db5a\">DMCA-Hinweis zu Urheberrechtsverletzungen<\/h2>\n\n\n\n<p class=\"has-black-color has-pale-cyan-blue-background-color has-text-color has-background has-link-color wp-elements-30c56a963d22ca22737087bb2cc26d78\">Gem\u00e4\u00df dem Digital Millennium Copyright Act von 1998 (dessen Text auf der Website des U.S. Copyright Office unter http:\/\/lcweb.loc.gov\/copyright\/ zu finden ist) wird nudebeachvoyeur.com umgehend auf Anspr\u00fcche wegen Urheberrechtsverletzungen reagieren, die dem unten genannten, von Nudebeachvoyeur.com benannten Urheberrechtsbeauftragten gemeldet werden. Bitte beachten Sie auch, dass gem\u00e4\u00df Abschnitt 512(f) jede Person, die wissentlich und wesentlich falsch darstellt, dass Material oder Aktivit\u00e4ten eine Urheberrechtsverletzung darstellen, haftbar gemacht werden kann. Nudebeachvoyeur.com beh\u00e4lt sich das Recht vor, nach eigenem Ermessen Inhalte zu entfernen und die Konten von Nudebeachvoyeur.com Benutzern zu sperren, die das geistige Eigentum oder andere Rechte Dritter verletzen oder zu verletzen scheinen.<br><br><br><br><br>Wenn Sie der Meinung sind, dass Ihr urheberrechtlich gesch\u00fctztes Werk auf eine Weise kopiert wurde, die eine Urheberrechtsverletzung darstellt, teilen Sie dem Urheberrechtsbeauftragten von Nudebeachvoyeur.com bitte Folgendes mit: Informationen:<br><br><br>1. Eine physische oder elektronische Unterschrift einer Person, die befugt ist, im Namen des Inhabers eines ausschlie\u00dflichen Rechts zu handeln, gegen das mutma\u00dflich versto\u00dfen wurde; Identifizierung des urheberrechtlich gesch\u00fctzten Werks, gegen das mutma\u00dflich versto\u00dfen wurde, oder, wenn mehrere urheberrechtlich gesch\u00fctzte Werke auf einer einzigen Online-Site von einer einzigen Benachrichtigung abgedeckt sind, eine repr\u00e4sentative Liste dieser Werke auf der Website;<br><br><br>2. Identifizierung des Materials, das mutma\u00dflich das Urheberrecht verletzt oder Gegenstand einer Verletzungshandlung ist und das entfernt oder dessen Zugriff gesperrt werden soll, und Informationen, die ausreichen, damit nudebeachvoyeur.com das Material finden kann;<br><br><br>3. Informationen, die ausreichen, damit Nudebeachvoyeur.com die beschwerdef\u00fchrende Partei kontaktieren kann, einschlie\u00dflich Name, Adresse, Telefonnummer und, falls verf\u00fcgbar, E-Mail-Adresse, unter der die beschwerdef\u00fchrende Partei kontaktiert werden kann;<br><br><br>4. Eine Erkl\u00e4rung, dass die beschwerdef\u00fchrende Partei nach bestem Wissen der Ansicht ist, dass die Verwendung des Materials in der beanstandeten Weise vom Urheberrechtsinhaber, dessen Agenten oder dem Gesetz nicht autorisiert ist; und<br><br><br>5. Eine Erkl\u00e4rung, dass die Informationen in der Benachrichtigung korrekt sind und dass die beschwerdef\u00fchrende Partei, bei Meidung der Strafe des Meineids, befugt ist, im Namen des Inhabers eines ausschlie\u00dflichen Rechts, gegen das angeblich versto\u00dfen wurde, vorzugehen.<br><br><br>6. Ein genauer Link, den Sie unter dem Foto finden, nachdem Sie die Info-Schaltfl\u00e4che \u00fcber dem Foto gedr\u00fcckt haben.<br><br><br><br><br>Alle Anspr\u00fcche wegen Urheberrechtsverletzungen auf oder in Bezug auf diese Website sollten an den von Nudebeachvoyeur.com benannten Urheberrechtsbeauftragten unter der folgenden Adresse gerichtet werden:<br>info@nudebeachvoyeur.com<br><br><br><br><br>Wir entschuldigen uns f\u00fcr jegliche Art von Missbrauch unseres Dienstes und versprechen, unser Bestes zu tun, um missbr\u00e4uchliche Dateien zu finden und zu l\u00f6schen.<\/p>\n","protected":false},"excerpt":{"rendered":"<p>DMCA-Hinweis zu Urheberrechtsverletzungen Gem\u00e4\u00df dem Digital Millennium Copyright Act von 1998 (dessen Text auf der Website des U.S. Copyright Office unter http:\/\/lcweb.loc.gov\/copyright\/ zu finden ist) wird nudebeachvoyeur.com umgehend auf Anspr\u00fcche wegen Urheberrechtsverletzungen reagieren, die dem unten genannten, von Nudebeachvoyeur.com benannten Urheberrechtsbeauftragten gemeldet werden. Bitte beachten Sie auch, dass gem\u00e4\u00df Abschnitt 512(f) jede Person, die wissentlich&hellip; <br \/> <a class=\"read-more\" href=\"https:\/\/nudebeachvoyeur.com\/index.php\/dmca\/\">Weiterlesen<\/a><\/p>\n","protected":false},"author":1,"featured_media":0,"parent":0,"menu_order":0,"comment_status":"closed","ping_status":"closed","template":"","meta":{"footnotes":""},"class_list":["post-119","page","type-page","status-publish","hentry"],"_links":{"self":[{"href":"https:\/\/nudebeachvoyeur.com\/index.php\/wp-json\/wp\/v2\/pages\/119","targetHints":{"allow":["GET"]}}],"collection":[{"href":"https:\/\/nudebeachvoyeur.com\/index.php\/wp-json\/wp\/v2\/pages"}],"about":[{"href":"https:\/\/nudebeachvoyeur.com\/index.php\/wp-json\/wp\/v2\/types\/page"}],"author":[{"embeddable":true,"href":"https:\/\/nudebeachvoyeur.com\/index.php\/wp-json\/wp\/v2\/users\/1"}],"replies":[{"embeddable":true,"href":"https:\/\/nudebeachvoyeur.com\/index.php\/wp-json\/wp\/v2\/comments?post=119"}],"version-history":[{"count":1,"href":"https:\/\/nudebeachvoyeur.com\/index.php\/wp-json\/wp\/v2\/pages\/119\/revisions"}],"predecessor-version":[{"id":120,"href":"https:\/\/nudebeachvoyeur.com\/index.php\/wp-json\/wp\/v2\/pages\/119\/revisions\/120"}],"wp:attachment":[{"href":"https:\/\/nudebeachvoyeur.com\/index.php\/wp-json\/wp\/v2\/media?parent=119"}],"curies":[{"name":"wp","href":"https:\/\/api.w.org\/{rel}","templated":true}]}}